{"id":753,"date":"2019-11-07T03:23:04","date_gmt":"2019-11-07T02:23:04","guid":{"rendered":"http:\/\/wpdemo.archiwp.com\/onum\/?page_id=753"},"modified":"2025-08-21T16:43:20","modified_gmt":"2025-08-21T14:43:20","slug":"about","status":"publish","type":"page","link":"https:\/\/mettry.io\/?page_id=753","title":{"rendered":"A propos"},"content":{"rendered":"\t\t<div data-elementor-type=\"wp-page\" data-elementor-id=\"753\" class=\"elementor elementor-753\" data-elementor-settings=\"[]\">\n\t\t\t\t\t\t\t<div class=\"elementor-section-wrap\">\n\t\t\t\t\t\t\t<section class=\"elementor-section elementor-top-section elementor-element elementor-element-588df14 elementor-section-content-middle elementor-section-boxed elementor-section-height-default elementor-section-height-default\" data-id=\"588df14\" data-element_type=\"section\">\n\t\t\t\t\t\t<div class=\"elementor-container elementor-column-gap-extended\">\n\t\t\t\t\t<div class=\"elementor-column elementor-col-50 elementor-top-column elementor-element elementor-element-de195c6 ot-flex-column-vertical\" data-id=\"de195c6\" data-element_type=\"column\">\n\t\t\t<div class=\"elementor-widget-wrap elementor-element-populated\">\n\t\t\t\t\t\t\t\t<div class=\"elementor-element elementor-element-7e57f00 elementor-widget elementor-widget-image\" data-id=\"7e57f00\" data-element_type=\"widget\" data-widget_type=\"image.default\">\n\t\t\t\t<div class=\"elementor-widget-container\">\n\t\t\t<style>\/*! elementor - v3.5.4 - 23-01-2022 *\/\n.elementor-widget-image{text-align:center}.elementor-widget-image a{display:inline-block}.elementor-widget-image a img[src$=\".svg\"]{width:48px}.elementor-widget-image img{vertical-align:middle;display:inline-block}<\/style>\t\t\t\t\t\t\t\t\t\t\t\t<img loading=\"lazy\" decoding=\"async\" width=\"612\" height=\"287\" src=\"https:\/\/mettry.io\/wp-content\/uploads\/2025\/08\/Fleur-Mettry-1.png\" class=\"attachment-full size-full\" alt=\"\" srcset=\"https:\/\/mettry.io\/wp-content\/uploads\/2025\/08\/Fleur-Mettry-1.png 612w, https:\/\/mettry.io\/wp-content\/uploads\/2025\/08\/Fleur-Mettry-1-300x141.png 300w\" sizes=\"auto, (max-width: 612px) 100vw, 612px\" \/>\t\t\t\t\t\t\t\t\t\t\t\t\t\t\t<\/div>\n\t\t\t\t<\/div>\n\t\t\t\t\t<\/div>\n\t\t<\/div>\n\t\t\t\t<div class=\"elementor-column elementor-col-50 elementor-top-column elementor-element elementor-element-233b0d2 ot-flex-column-vertical\" data-id=\"233b0d2\" data-element_type=\"column\">\n\t\t\t<div class=\"elementor-widget-wrap elementor-element-populated\">\n\t\t\t\t\t\t\t\t<div class=\"elementor-element elementor-element-fe5bc85 elementor-widget elementor-widget-iheading\" data-id=\"fe5bc85\" data-element_type=\"widget\" data-widget_type=\"iheading.default\">\n\t\t\t\t<div class=\"elementor-widget-container\">\n\t\t\t\t\t<div class=\"ot-heading left-align\">\r\n\t\t\t\r\n\t\t\t\t\r\n\r\n\t         \r\n\r\n\t        \t        \t<h2 class=\"main-heading\">Quand le Facility Management rencontre le d\u00e9veloppement informatique\n<br><\/h2>\r\n\t        \t    <\/div>\r\n\t    \t\t<\/div>\n\t\t\t\t<\/div>\n\t\t\t\t<div class=\"elementor-element elementor-element-e6e8b3f elementor-widget elementor-widget-text-editor\" data-id=\"e6e8b3f\" data-element_type=\"widget\" data-widget_type=\"text-editor.default\">\n\t\t\t\t<div class=\"elementor-widget-container\">\n\t\t\t<style>\/*! elementor - v3.5.4 - 23-01-2022 *\/\n.elementor-widget-text-editor.elementor-drop-cap-view-stacked .elementor-drop-cap{background-color:#818a91;color:#fff}.elementor-widget-text-editor.elementor-drop-cap-view-framed .elementor-drop-cap{color:#818a91;border:3px solid;background-color:transparent}.elementor-widget-text-editor:not(.elementor-drop-cap-view-default) .elementor-drop-cap{margin-top:8px}.elementor-widget-text-editor:not(.elementor-drop-cap-view-default) .elementor-drop-cap-letter{width:1em;height:1em}.elementor-widget-text-editor .elementor-drop-cap{float:left;text-align:center;line-height:1;font-size:50px}.elementor-widget-text-editor .elementor-drop-cap-letter{display:inline-block}<\/style>\t\t\t\t<p>Assurer la gestion technique et \u00e9nerg\u00e9tique de b\u00e2timents est un m\u00e9tier prenant : entre les probl\u00e8mes du quotidien et les sujets \u00e0 plus long terme, vous avez besoin d&rsquo;outils informatiques qui sont \u00e0 votre service.<\/p><p>C&rsquo;est cette ambition qui a fait na\u00eetre Mettry, cr\u00e9er un outil unique et ergonomique qui r\u00e9pond \u00e0 l&rsquo;essentiel de vos besoins sans artifices.<\/p><p>GMAO, Ticketing, Suivi \u00e9nerg\u00e9tique, centralisation des contrats et documents, c&rsquo;est votre quotidien.<\/p><p>Chez Mettry, votre m\u00e9tier on le connait, on l&rsquo;a fait, et c&rsquo;est \u00e7a toute la diff\u00e9rence.<\/p>\t\t\t\t\t\t<\/div>\n\t\t\t\t<\/div>\n\t\t\t\t\t<\/div>\n\t\t<\/div>\n\t\t\t\t\t\t\t<\/div>\n\t\t<\/section>\n\t\t\t\t<section class=\"elementor-section elementor-top-section elementor-element elementor-element-a27cba8 elementor-section-boxed elementor-section-height-default elementor-section-height-default\" data-id=\"a27cba8\" data-element_type=\"section\">\n\t\t\t\t\t\t<div class=\"elementor-container elementor-column-gap-default\">\n\t\t\t\t\t<div class=\"elementor-column elementor-col-100 elementor-top-column elementor-element elementor-element-ab4ce25 ot-flex-column-vertical\" data-id=\"ab4ce25\" data-element_type=\"column\">\n\t\t\t<div class=\"elementor-widget-wrap elementor-element-populated\">\n\t\t\t\t\t\t\t\t<div class=\"elementor-element elementor-element-eaebbed elementor-widget elementor-widget-iservice_slider\" data-id=\"eaebbed\" data-element_type=\"widget\" data-widget_type=\"iservice_slider.default\">\n\t\t\t\t<div class=\"elementor-widget-container\">\n\t\t\t\r\n\t\t<div class=\"ot-service_carousel service__carousel-outside\">\r\n\r\n\t\t\t\t\t\t\t<div class=\"container\">\r\n\t\t\t\t\t<div class=\"row\">\r\n\t\t\t\t\t\t<div class=\"col-md-12\">\r\n\t\t\t\t\t\t\t<div class=\"heading-service-carousel onum-row-flex content-bottom\">\r\n\t\t\t\t\t\t\t\t<div class=\"ot-heading left-align wrap__text_stroke\">\r\n\t\t\t\t\t\t\t\t\t\t\t\t\t\t\t\t\t\t\t<div class=\"heading__text_stroke\">Notre parcours<\/div>\r\n\t\t\t\t\t\t\t\t\t\t\t\t\t\t\t\t\t\t \r\n\r\n\t\t\t\t\t\t\t        \t\t\t\t\t\t\t        \t<h2 class=\"main-heading\">Depuis 2020, <br>\nune croissance continue<\/h2>\r\n\t\t\t\t\t\t\t        \t\t\t\t\t\t\t    <\/div>\r\n\t\t\t\t\t\t\t\t<div class=\"service-slider-nav-1\"><\/div>\t\t\t\t\t\t\t<\/div>\r\n\t\t\t\t\t\t<\/div>\r\n\t\t\t\t\t<\/div>\t\r\n\t\t\t\t<\/div>\r\n\t\t\t\t\t\t<div class=\"container\"> \r\n\t\t\t\t<div class=\"service_carousel-wrap\">\t\t\r\n\t\t\t\t\t<div class=\"ot-service-slider\"  data-show=\"4\" data-scroll=\"1\" data-dots=\"false\" data-arrow=\"true\" data-autoplay=\"false\" data-autoplaySpeed=\"\">\r\n\t\t\t\t\t\t\t\t\t\t\t\t<div class=\"service-slide\">\r\n\t\t\t\t\t\t\t<div class=\"elementor-repeater-item-d0c6313 service-slide-inner\">\r\n\t\t\t\t\t\t\t\t<div class=\"service_carousel-icon\">\r\n\t\t\t\t\t\t\t\t\t\t\t\t\t\t\t        \t\t<img decoding=\"async\" src=\"https:\/\/onum-wp.s3.amazonaws.com\/images\/rocket.png\" alt=\"L'aventure commence\">\r\n\t\t\t\t\t\t        \t\t\t\t\t\t\t\t\t<\/div>\r\n\t\t\t\t\t\t        <div class=\"service_carousel-content\">\r\n\t\t\t\t\t        \t\t<h5 class=\"service_carousel-title\">L'aventure commence<\/h5>\t\t\t        \t\t\r\n\t\t\t\t\t\t        \t<div class=\"service_carousel-text\">Murat, Emilin et Tristan posent les fondations de l'outil<\/div>\t\t\t\t\t\t        \t<span class=\"service_carousel-number font-second\">2020<\/span>\t\t\t\t\t\t        <\/div>\t\r\n\t\t\t\t\t        <\/div>\t\t\t        \r\n\t\t\t\t\t\t<\/div>\r\n\t\t\t\t\t\t\t\t\t\t\t\t<div class=\"service-slide\">\r\n\t\t\t\t\t\t\t<div class=\"elementor-repeater-item-cc8cd3e service-slide-inner\">\r\n\t\t\t\t\t\t\t\t<div class=\"service_carousel-icon\">\r\n\t\t\t\t\t\t\t\t\t\t\t\t\t\t\t        \t\t<img decoding=\"async\" src=\"https:\/\/onum-wp.s3.amazonaws.com\/images\/loss.png\" alt=\"Naissance de Mettry\">\r\n\t\t\t\t\t\t        \t\t\t\t\t\t\t\t\t<\/div>\r\n\t\t\t\t\t\t        <div class=\"service_carousel-content\">\r\n\t\t\t\t\t        \t\t<h5 class=\"service_carousel-title\">Naissance de Mettry<\/h5>\t\t\t        \t\t\r\n\t\t\t\t\t\t        \t<div class=\"service_carousel-text\">Cr\u00e9ation de la soci\u00e9t\u00e9 le 1er juin 2021. C'est parti !<\/div>\t\t\t\t\t\t        \t<span class=\"service_carousel-number font-second\">2021<\/span>\t\t\t\t\t\t        <\/div>\t\r\n\t\t\t\t\t        <\/div>\t\t\t        \r\n\t\t\t\t\t\t<\/div>\r\n\t\t\t\t\t\t\t\t\t\t\t\t<div class=\"service-slide\">\r\n\t\t\t\t\t\t\t<div class=\"elementor-repeater-item-53c2826 service-slide-inner\">\r\n\t\t\t\t\t\t\t\t<div class=\"service_carousel-icon\">\r\n\t\t\t\t\t\t\t\t\t\t\t\t\t\t\t        \t\t<img decoding=\"async\" src=\"https:\/\/onum-wp.s3.amazonaws.com\/images\/clock.png\" alt=\"Le premier client\">\r\n\t\t\t\t\t\t        \t\t\t\t\t\t\t\t\t<\/div>\r\n\t\t\t\t\t\t        <div class=\"service_carousel-content\">\r\n\t\t\t\t\t        \t\t<h5 class=\"service_carousel-title\">Le premier client<\/h5>\t\t\t        \t\t\r\n\t\t\t\t\t\t        \t<div class=\"service_carousel-text\">La ville de Rosny-sous-Bois nous fait confiance<\/div>\t\t\t\t\t\t        \t<span class=\"service_carousel-number font-second\">2022<\/span>\t\t\t\t\t\t        <\/div>\t\r\n\t\t\t\t\t        <\/div>\t\t\t        \r\n\t\t\t\t\t\t<\/div>\r\n\t\t\t\t\t\t\t\t\t\t\t\t<div class=\"service-slide\">\r\n\t\t\t\t\t\t\t<div class=\"elementor-repeater-item-3785442 service-slide-inner\">\r\n\t\t\t\t\t\t\t\t<div class=\"service_carousel-icon\">\r\n\t\t\t\t\t\t\t\t\t\t\t\t\t\t\t        \t\t<img decoding=\"async\" src=\"https:\/\/onum-wp.s3.amazonaws.com\/images\/browser.png\" alt=\"Premier Salon\">\r\n\t\t\t\t\t\t        \t\t\t\t\t\t\t\t\t<\/div>\r\n\t\t\t\t\t\t        <div class=\"service_carousel-content\">\r\n\t\t\t\t\t        \t\t<h5 class=\"service_carousel-title\">Premier Salon<\/h5>\t\t\t        \t\t\r\n\t\t\t\t\t\t        \t<div class=\"service_carousel-text\">Nous participons au SETA : c'est un succ\u00e8s !<\/div>\t\t\t\t\t\t        \t<span class=\"service_carousel-number font-second\">2022<\/span>\t\t\t\t\t\t        <\/div>\t\r\n\t\t\t\t\t        <\/div>\t\t\t        \r\n\t\t\t\t\t\t<\/div>\r\n\t\t\t\t\t\t\t\t\t\t\t\t<div class=\"service-slide\">\r\n\t\t\t\t\t\t\t<div class=\"elementor-repeater-item-0b6402e service-slide-inner\">\r\n\t\t\t\t\t\t\t\t<div class=\"service_carousel-icon\">\r\n\t\t\t\t\t\t\t\t\t\t\t\t\t\t\t        \t\t<img decoding=\"async\" src=\"https:\/\/onum-wp.s3.amazonaws.com\/images\/rocket.png\" alt=\"Welcome to Saint-Junien\">\r\n\t\t\t\t\t\t        \t\t\t\t\t\t\t\t\t<\/div>\r\n\t\t\t\t\t\t        <div class=\"service_carousel-content\">\r\n\t\t\t\t\t        \t\t<h5 class=\"service_carousel-title\">Welcome to Saint-Junien<\/h5>\t\t\t        \t\t\r\n\t\t\t\t\t\t        \t<div class=\"service_carousel-text\">Nous r\u00e9alisons un SDIE, la ville utilise ensuite Mettry<\/div>\t\t\t\t\t\t        \t<span class=\"service_carousel-number font-second\">2023<\/span>\t\t\t\t\t\t        <\/div>\t\r\n\t\t\t\t\t        <\/div>\t\t\t        \r\n\t\t\t\t\t\t<\/div>\r\n\t\t\t\t\t\t\t\t\t\t\t\t<div class=\"service-slide\">\r\n\t\t\t\t\t\t\t<div class=\"elementor-repeater-item-f0a2742 service-slide-inner\">\r\n\t\t\t\t\t\t\t\t<div class=\"service_carousel-icon\">\r\n\t\t\t\t\t\t\t\t\t\t\t\t\t\t\t        \t\t<img decoding=\"async\" src=\"https:\/\/onum-wp.s3.amazonaws.com\/images\/loss.png\" alt=\"Disponible sur mobile\">\r\n\t\t\t\t\t\t        \t\t\t\t\t\t\t\t\t<\/div>\r\n\t\t\t\t\t\t        <div class=\"service_carousel-content\">\r\n\t\t\t\t\t        \t\t<h5 class=\"service_carousel-title\">Disponible sur mobile<\/h5>\t\t\t        \t\t\r\n\t\t\t\t\t\t        \t<div class=\"service_carousel-text\">Mettry est d\u00e9sormais sur mobile !<\/div>\t\t\t\t\t\t        \t<span class=\"service_carousel-number font-second\">2024<\/span>\t\t\t\t\t\t        <\/div>\t\r\n\t\t\t\t\t        <\/div>\t\t\t        \r\n\t\t\t\t\t\t<\/div>\r\n\t\t\t\t\t\t\t\t\t\t\t\t<div class=\"service-slide\">\r\n\t\t\t\t\t\t\t<div class=\"elementor-repeater-item-54bfb41 service-slide-inner\">\r\n\t\t\t\t\t\t\t\t<div class=\"service_carousel-icon\">\r\n\t\t\t\t\t\t\t\t\t\t\t\t\t\t\t        \t\t<img decoding=\"async\" src=\"https:\/\/onum-wp.s3.amazonaws.com\/images\/clock.png\" alt=\"GRDF et Enedis\">\r\n\t\t\t\t\t\t        \t\t\t\t\t\t\t\t\t<\/div>\r\n\t\t\t\t\t\t        <div class=\"service_carousel-content\">\r\n\t\t\t\t\t        \t\t<h5 class=\"service_carousel-title\">GRDF et Enedis<\/h5>\t\t\t        \t\t\r\n\t\t\t\t\t\t        \t<div class=\"service_carousel-text\">Mettry est connect\u00e9 en direct avec GRDF et Enedis<\/div>\t\t\t\t\t\t        \t<span class=\"service_carousel-number font-second\">2024<\/span>\t\t\t\t\t\t        <\/div>\t\r\n\t\t\t\t\t        <\/div>\t\t\t        \r\n\t\t\t\t\t\t<\/div>\r\n\t\t\t\t\t\t\t\t\t\t\t\t<div class=\"service-slide\">\r\n\t\t\t\t\t\t\t<div class=\"elementor-repeater-item-537900f service-slide-inner\">\r\n\t\t\t\t\t\t\t\t<div class=\"service_carousel-icon\">\r\n\t\t\t\t\t\t\t\t\t\t\t\t\t\t\t        \t\t<img decoding=\"async\" src=\"https:\/\/onum-wp.s3.amazonaws.com\/images\/browser.png\" alt=\"Vous nous rejoignez\">\r\n\t\t\t\t\t\t        \t\t\t\t\t\t\t\t\t<\/div>\r\n\t\t\t\t\t\t        <div class=\"service_carousel-content\">\r\n\t\t\t\t\t        \t\t<h5 class=\"service_carousel-title\">Vous nous rejoignez<\/h5>\t\t\t        \t\t\r\n\t\t\t\t\t\t        \t<div class=\"service_carousel-text\">Faites parti de l'histoire : essayez Mettry !<\/div>\t\t\t\t\t\t        \t<span class=\"service_carousel-number font-second\">2025<\/span>\t\t\t\t\t\t        <\/div>\t\r\n\t\t\t\t\t        <\/div>\t\t\t        \r\n\t\t\t\t\t\t<\/div>\r\n\t\t\t\t\t\t\t\t\t\t\t<\/div>\t\r\n\t\t\t\t\t\t\t\t\t<\/div>\t\r\n\t\t\t<\/div>\t\t\t\t\r\n\t\t<\/div>\t\t\r\n\r\n\t    \t\t<\/div>\n\t\t\t\t<\/div>\n\t\t\t\t<div class=\"elementor-element elementor-element-f251e96 octf_rotated_element elementor-widget__width-auto elementor-absolute elementor-widget elementor-widget-image\" data-id=\"f251e96\" data-element_type=\"widget\" data-settings=\"{&quot;_position&quot;:&quot;absolute&quot;}\" data-widget_type=\"image.default\">\n\t\t\t\t<div class=\"elementor-widget-container\">\n\t\t\t\t\t\t\t\t\t\t\t\t\t\t\t<img loading=\"lazy\" decoding=\"async\" width=\"17\" height=\"17\" src=\"https:\/\/mettry.io\/wp-content\/uploads\/2020\/10\/img-animation-2.png\" class=\"attachment-full size-full\" alt=\"\" \/>\t\t\t\t\t\t\t\t\t\t\t\t\t\t\t<\/div>\n\t\t\t\t<\/div>\n\t\t\t\t\t<\/div>\n\t\t<\/div>\n\t\t\t\t\t\t\t<\/div>\n\t\t<\/section>\n\t\t\t\t<section class=\"elementor-section elementor-top-section elementor-element elementor-element-1332c9e elementor-section-boxed elementor-section-height-default elementor-section-height-default\" data-id=\"1332c9e\" data-element_type=\"section\">\n\t\t\t\t\t\t<div class=\"elementor-container elementor-column-gap-default\">\n\t\t\t\t\t<div class=\"elementor-column elementor-col-100 elementor-top-column elementor-element elementor-element-c962a7c ot-flex-column-vertical\" data-id=\"c962a7c\" data-element_type=\"column\">\n\t\t\t<div class=\"elementor-widget-wrap elementor-element-populated\">\n\t\t\t\t\t\t\t\t<div class=\"elementor-element elementor-element-655a867 elementor-widget elementor-widget-heading\" data-id=\"655a867\" data-element_type=\"widget\" data-widget_type=\"heading.default\">\n\t\t\t\t<div class=\"elementor-widget-container\">\n\t\t\t<style>\/*! elementor - v3.5.4 - 23-01-2022 *\/\n.elementor-heading-title{padding:0;margin:0;line-height:1}.elementor-widget-heading .elementor-heading-title[class*=elementor-size-]>a{color:inherit;font-size:inherit;line-height:inherit}.elementor-widget-heading .elementor-heading-title.elementor-size-small{font-size:15px}.elementor-widget-heading .elementor-heading-title.elementor-size-medium{font-size:19px}.elementor-widget-heading .elementor-heading-title.elementor-size-large{font-size:29px}.elementor-widget-heading .elementor-heading-title.elementor-size-xl{font-size:39px}.elementor-widget-heading .elementor-heading-title.elementor-size-xxl{font-size:59px}<\/style><h2 class=\"elementor-heading-title elementor-size-default\">Centralisation et ergonomie :<br>\n\u00e7a vous semble impossible ?<\/h2>\t\t<\/div>\n\t\t\t\t<\/div>\n\t\t\t\t<div class=\"elementor-element elementor-element-6bf7f58 elementor-widget elementor-widget-heading\" data-id=\"6bf7f58\" data-element_type=\"widget\" data-widget_type=\"heading.default\">\n\t\t\t\t<div class=\"elementor-widget-container\">\n\t\t\t<p class=\"elementor-heading-title elementor-size-default\">R\u00e9servez votre d\u00e9mo sans engagement pour le voir<\/p>\t\t<\/div>\n\t\t\t\t<\/div>\n\t\t\t\t<div class=\"elementor-element elementor-element-c0c0539 elementor-align-center elementor-widget elementor-widget-ibutton\" data-id=\"c0c0539\" data-element_type=\"widget\" data-widget_type=\"ibutton.default\">\n\t\t\t\t<div class=\"elementor-widget-container\">\n\t\t\t\t\t<div class=\"ot-button\">\r\n\t\t\t<a href=\"https:\/\/calendly.com\/demo-mettry\/reservation\" class=\"octf-btn octf-btn-primary octf-btn-icon\"><span>Je veux une d\u00e9mo <i class=\"flaticon-right-arrow-1\"><\/i><\/span> \r\n\t\t\t\t\t\t\t<\/a>\r\n\t    <\/div>\r\n\t    \t\t<\/div>\n\t\t\t\t<\/div>\n\t\t\t\t\t<\/div>\n\t\t<\/div>\n\t\t\t\t\t\t\t<\/div>\n\t\t<\/section>\n\t\t\t\t\t\t<\/div>\n\t\t\t\t\t<\/div>\n\t\t","protected":false},"excerpt":{"rendered":"<p>Quand le Facility Management rencontre le d\u00e9veloppement informatique Assurer la gestion technique et \u00e9nerg\u00e9tique de b\u00e2timents est un m\u00e9tier prenant : entre les probl\u00e8mes du quotidien et les sujets \u00e0 plus long terme, vous avez besoin d&rsquo;outils informatiques qui sont \u00e0 votre service. C&rsquo;est cette ambition qui a fait na\u00eetre Mettry, cr\u00e9er un outil unique [&hellip;]<\/p>\n","protected":false},"author":1,"featured_media":0,"parent":0,"menu_order":0,"comment_status":"closed","ping_status":"closed","template":"","meta":{"footnotes":""},"class_list":["post-753","page","type-page","status-publish","hentry"],"jetpack_sharing_enabled":true,"_links":{"self":[{"href":"https:\/\/mettry.io\/index.php?rest_route=\/wp\/v2\/pages\/753","targetHints":{"allow":["GET"]}}],"collection":[{"href":"https:\/\/mettry.io\/index.php?rest_route=\/wp\/v2\/pages"}],"about":[{"href":"https:\/\/mettry.io\/index.php?rest_route=\/wp\/v2\/types\/page"}],"author":[{"embeddable":true,"href":"https:\/\/mettry.io\/index.php?rest_route=\/wp\/v2\/users\/1"}],"replies":[{"embeddable":true,"href":"https:\/\/mettry.io\/index.php?rest_route=%2Fwp%2Fv2%2Fcomments&post=753"}],"version-history":[{"count":44,"href":"https:\/\/mettry.io\/index.php?rest_route=\/wp\/v2\/pages\/753\/revisions"}],"predecessor-version":[{"id":5580,"href":"https:\/\/mettry.io\/index.php?rest_route=\/wp\/v2\/pages\/753\/revisions\/5580"}],"wp:attachment":[{"href":"https:\/\/mettry.io\/index.php?rest_route=%2Fwp%2Fv2%2Fmedia&parent=753"}],"curies":[{"name":"wp","href":"https:\/\/api.w.org\/{rel}","templated":true}]}}