{"id":5119,"date":"2022-05-19T18:26:17","date_gmt":"2022-05-19T16:26:17","guid":{"rendered":"https:\/\/mettry.io\/?page_id=5119"},"modified":"2026-02-07T16:38:46","modified_gmt":"2026-02-07T15:38:46","slug":"decret-tertiaire","status":"publish","type":"page","link":"https:\/\/mettry.io\/?page_id=5119","title":{"rendered":"Devenir Prescripteur"},"content":{"rendered":"\t\t<div data-elementor-type=\"wp-page\" data-elementor-id=\"5119\" class=\"elementor elementor-5119\" data-elementor-settings=\"[]\">\n\t\t\t\t\t\t\t<div class=\"elementor-section-wrap\">\n\t\t\t\t\t\t\t<section class=\"elementor-section elementor-top-section elementor-element elementor-element-0fb7a2c elementor-section-boxed elementor-section-height-default elementor-section-height-default\" data-id=\"0fb7a2c\" data-element_type=\"section\">\n\t\t\t\t\t\t<div class=\"elementor-container elementor-column-gap-default\">\n\t\t\t\t\t<div class=\"elementor-column elementor-col-100 elementor-top-column elementor-element elementor-element-6286c1b ot-flex-column-vertical\" data-id=\"6286c1b\" data-element_type=\"column\">\n\t\t\t<div class=\"elementor-widget-wrap elementor-element-populated\">\n\t\t\t\t\t\t\t\t<section class=\"elementor-section elementor-inner-section elementor-element elementor-element-03778ff elementor-section-full_width elementor-section-content-middle elementor-section-height-default elementor-section-height-default\" data-id=\"03778ff\" data-element_type=\"section\">\n\t\t\t\t\t\t<div class=\"elementor-container elementor-column-gap-no\">\n\t\t\t\t\t<div class=\"elementor-column elementor-col-50 elementor-inner-column elementor-element elementor-element-93fc11e ot-flex-column-vertical\" data-id=\"93fc11e\" data-element_type=\"column\">\n\t\t\t<div class=\"elementor-widget-wrap elementor-element-populated\">\n\t\t\t\t\t\t\t\t<div class=\"elementor-element elementor-element-1b70c51 elementor-widget elementor-widget-spacer\" data-id=\"1b70c51\" data-element_type=\"widget\" data-widget_type=\"spacer.default\">\n\t\t\t\t<div class=\"elementor-widget-container\">\n\t\t\t\t\t<div class=\"elementor-spacer\">\n\t\t\t<div class=\"elementor-spacer-inner\"><\/div>\n\t\t<\/div>\n\t\t\t\t<\/div>\n\t\t\t\t<\/div>\n\t\t\t\t<div class=\"elementor-element elementor-element-f16318f elementor-widget elementor-widget-heading\" data-id=\"f16318f\" data-element_type=\"widget\" data-widget_type=\"heading.default\">\n\t\t\t\t<div class=\"elementor-widget-container\">\n\t\t\t<style>\/*! elementor - v3.5.4 - 23-01-2022 *\/\n.elementor-heading-title{padding:0;margin:0;line-height:1}.elementor-widget-heading .elementor-heading-title[class*=elementor-size-]>a{color:inherit;font-size:inherit;line-height:inherit}.elementor-widget-heading .elementor-heading-title.elementor-size-small{font-size:15px}.elementor-widget-heading .elementor-heading-title.elementor-size-medium{font-size:19px}.elementor-widget-heading .elementor-heading-title.elementor-size-large{font-size:29px}.elementor-widget-heading .elementor-heading-title.elementor-size-xl{font-size:39px}.elementor-widget-heading .elementor-heading-title.elementor-size-xxl{font-size:59px}<\/style><h6 class=\"elementor-heading-title elementor-size-default\">Une chose est s\u00fbre<\/h6>\t\t<\/div>\n\t\t\t\t<\/div>\n\t\t\t\t<div class=\"elementor-element elementor-element-aedb648 elementor-widget elementor-widget-heading\" data-id=\"aedb648\" data-element_type=\"widget\" data-widget_type=\"heading.default\">\n\t\t\t\t<div class=\"elementor-widget-container\">\n\t\t\t<h2 class=\"elementor-heading-title elementor-size-default\">Vous connaissez quelqu'un qui a besoin de Mettry<\/h2>\t\t<\/div>\n\t\t\t\t<\/div>\n\t\t\t\t<div class=\"elementor-element elementor-element-67b2987 elementor-widget elementor-widget-text-editor\" data-id=\"67b2987\" data-element_type=\"widget\" data-widget_type=\"text-editor.default\">\n\t\t\t\t<div class=\"elementor-widget-container\">\n\t\t\t<style>\/*! elementor - v3.5.4 - 23-01-2022 *\/\n.elementor-widget-text-editor.elementor-drop-cap-view-stacked .elementor-drop-cap{background-color:#818a91;color:#fff}.elementor-widget-text-editor.elementor-drop-cap-view-framed .elementor-drop-cap{color:#818a91;border:3px solid;background-color:transparent}.elementor-widget-text-editor:not(.elementor-drop-cap-view-default) .elementor-drop-cap{margin-top:8px}.elementor-widget-text-editor:not(.elementor-drop-cap-view-default) .elementor-drop-cap-letter{width:1em;height:1em}.elementor-widget-text-editor .elementor-drop-cap{float:left;text-align:center;line-height:1;font-size:50px}.elementor-widget-text-editor .elementor-drop-cap-letter{display:inline-block}<\/style>\t\t\t\t<p>D\u00e9couvrez comment vous pouvez devenir prescripteur de notre solution<\/p>\t\t\t\t\t\t<\/div>\n\t\t\t\t<\/div>\n\t\t\t\t<div class=\"elementor-element elementor-element-2252d9d elementor-tablet-align-center btn-inline elementor-widget elementor-widget-ibutton\" data-id=\"2252d9d\" data-element_type=\"widget\" data-widget_type=\"ibutton.default\">\n\t\t\t\t<div class=\"elementor-widget-container\">\n\t\t\t\t\t<div class=\"ot-button\">\r\n\t\t\t<a href=\"https:\/\/calendly.com\/demo-mettry\/reservation\" class=\"octf-btn octf-btn-primary octf-btn-icon\"><span>En savoir plus<i class=\"flaticon-right-arrow-1\"><\/i><\/span> \r\n\t\t\t\t\t\t\t<\/a>\r\n\t    <\/div>\r\n\t    \t\t<\/div>\n\t\t\t\t<\/div>\n\t\t\t\t\t<\/div>\n\t\t<\/div>\n\t\t\t\t<div class=\"elementor-column elementor-col-50 elementor-inner-column elementor-element elementor-element-1a3ebf5 ot-flex-column-vertical\" data-id=\"1a3ebf5\" data-element_type=\"column\">\n\t\t\t<div class=\"elementor-widget-wrap elementor-element-populated\">\n\t\t\t\t\t\t\t\t<div class=\"elementor-element elementor-element-53cbb9b elementor-widget elementor-widget-image\" data-id=\"53cbb9b\" data-element_type=\"widget\" data-widget_type=\"image.default\">\n\t\t\t\t<div class=\"elementor-widget-container\">\n\t\t\t<style>\/*! elementor - v3.5.4 - 23-01-2022 *\/\n.elementor-widget-image{text-align:center}.elementor-widget-image a{display:inline-block}.elementor-widget-image a img[src$=\".svg\"]{width:48px}.elementor-widget-image img{vertical-align:middle;display:inline-block}<\/style>\t\t\t\t\t\t\t\t\t\t\t\t<img loading=\"lazy\" decoding=\"async\" width=\"587\" height=\"281\" src=\"https:\/\/mettry.io\/wp-content\/uploads\/2025\/08\/Fleur-Mettry-2.jpg\" class=\"attachment-medium_large size-medium_large\" alt=\"\" srcset=\"https:\/\/mettry.io\/wp-content\/uploads\/2025\/08\/Fleur-Mettry-2.jpg 587w, https:\/\/mettry.io\/wp-content\/uploads\/2025\/08\/Fleur-Mettry-2-300x144.jpg 300w\" sizes=\"auto, (max-width: 587px) 100vw, 587px\" \/>\t\t\t\t\t\t\t\t\t\t\t\t\t\t\t<\/div>\n\t\t\t\t<\/div>\n\t\t\t\t\t<\/div>\n\t\t<\/div>\n\t\t\t\t\t\t\t<\/div>\n\t\t<\/section>\n\t\t\t\t\t<\/div>\n\t\t<\/div>\n\t\t\t\t\t\t\t<\/div>\n\t\t<\/section>\n\t\t\t\t<section class=\"elementor-section elementor-top-section elementor-element elementor-element-a7ed169 elementor-section-boxed elementor-section-height-default elementor-section-height-default\" data-id=\"a7ed169\" data-element_type=\"section\">\n\t\t\t\t\t\t<div class=\"elementor-container elementor-column-gap-default\">\n\t\t\t\t\t<div class=\"elementor-column elementor-col-100 elementor-top-column elementor-element elementor-element-22fbe5d ot-flex-column-vertical\" data-id=\"22fbe5d\" data-element_type=\"column\">\n\t\t\t<div class=\"elementor-widget-wrap elementor-element-populated\">\n\t\t\t\t\t\t\t\t<div class=\"elementor-element elementor-element-8a280f4 elementor-widget elementor-widget-global elementor-global-5464 elementor-widget-iheading\" data-id=\"8a280f4\" data-element_type=\"widget\" data-widget_type=\"iheading.default\">\n\t\t\t\t<div class=\"elementor-widget-container\">\n\t\t\t\t\t<div class=\"ot-heading center-align\">\r\n\t\t\t\r\n\t\t\t\t\r\n\r\n\t         \r\n\r\n\t        \t        \t<h2 class=\"main-heading\">Plus qu'une application web <br>\nUne solution globale pour le pilotage des b\u00e2timents<\/h2>\r\n\t        \t    <\/div>\r\n\t    \t\t<\/div>\n\t\t\t\t<\/div>\n\t\t\t\t<section class=\"elementor-section elementor-inner-section elementor-element elementor-element-27fdf11 elementor-section-full_width elementor-section-height-default elementor-section-height-default\" data-id=\"27fdf11\" data-element_type=\"section\">\n\t\t\t\t\t\t<div class=\"elementor-container elementor-column-gap-extended\">\n\t\t\t\t\t<div class=\"elementor-column elementor-col-33 elementor-inner-column elementor-element elementor-element-04fc795 ot-flex-column-vertical\" data-id=\"04fc795\" data-element_type=\"column\">\n\t\t\t<div class=\"elementor-widget-wrap elementor-element-populated\">\n\t\t\t\t\t\t\t\t<div class=\"elementor-element elementor-element-fb8f3bb elementor-widget elementor-widget-iiconbox\" data-id=\"fb8f3bb\" data-element_type=\"widget\" data-widget_type=\"iiconbox.default\">\n\t\t\t\t<div class=\"elementor-widget-container\">\n\t\t\t\t\t<div class=\"icon-box s3 box-hover-gradient\">\r\n\t\t\t<div class=\"bg-s3\"><\/div>\r\n\t\t\t<div class=\"bg-before\"><\/div>\r\n\t\t\t<div class=\"bg-after\"><\/div>\r\n\t\t\t<div class=\"icon-main\">\r\n\t\t        \t\t\t    \r\n\t\t\t    <img decoding=\"async\" src=\"https:\/\/mettry.io\/wp-content\/uploads\/2025\/08\/iconly-bold-scan@3x.png\" title=\"iconly-bold-scan@3x\" alt=\"iconly-bold-scan@3x\" \/>\t\t        \t        <\/div>\r\n\t        <div class=\"content-box\">\r\n\t            <h5 class=\"box-title\">GMAO<\/h5>\r\n\t            <p>Absence de GMAO, suivi sur un tableau Excel, GMAO pas utilis\u00e9e par les op\u00e9rationnels, pas de tableau de bord <\/p>\r\n\t        <\/div>\r\n\t        \t\r\n\t    <\/div>\r\n\t    \t\t<\/div>\n\t\t\t\t<\/div>\n\t\t\t\t<div class=\"elementor-element elementor-element-b97fb08 elementor-widget elementor-widget-iiconbox\" data-id=\"b97fb08\" data-element_type=\"widget\" data-widget_type=\"iiconbox.default\">\n\t\t\t\t<div class=\"elementor-widget-container\">\n\t\t\t\t\t<div class=\"icon-box s3 box-hover-gradient\">\r\n\t\t\t<div class=\"bg-s3\"><\/div>\r\n\t\t\t<div class=\"bg-before\"><\/div>\r\n\t\t\t<div class=\"bg-after\"><\/div>\r\n\t\t\t<div class=\"icon-main\">\r\n\t\t        \t\t\t    \r\n\t\t\t    <img decoding=\"async\" src=\"https:\/\/mettry.io\/wp-content\/uploads\/2025\/08\/iconly-bold-work@3x.png\" title=\"iconly-bold-work@3x\" alt=\"iconly-bold-work@3x\" \/>\t\t        \t        <\/div>\r\n\t        <div class=\"content-box\">\r\n\t            <h5 class=\"box-title\">Gestion des contrats<\/h5>\r\n\t            <p>Impossible de lister tous les contrats et leurs documents, difficult\u00e9 \u00e0 rappeler les \u00e9ch\u00e9ances contractuelles<\/p>\r\n\t        <\/div>\r\n\t        \t\r\n\t    <\/div>\r\n\t    \t\t<\/div>\n\t\t\t\t<\/div>\n\t\t\t\t\t<\/div>\n\t\t<\/div>\n\t\t\t\t<div class=\"elementor-column elementor-col-33 elementor-inner-column elementor-element elementor-element-d403292 ot-flex-column-vertical\" data-id=\"d403292\" data-element_type=\"column\">\n\t\t\t<div class=\"elementor-widget-wrap elementor-element-populated\">\n\t\t\t\t\t\t\t\t<div class=\"elementor-element elementor-element-68bf8e0 elementor-widget elementor-widget-iiconbox\" data-id=\"68bf8e0\" data-element_type=\"widget\" data-widget_type=\"iiconbox.default\">\n\t\t\t\t<div class=\"elementor-widget-container\">\n\t\t\t\t\t<div class=\"icon-box s3 box-hover-gradient\">\r\n\t\t\t<div class=\"bg-s3\"><\/div>\r\n\t\t\t<div class=\"bg-before\"><\/div>\r\n\t\t\t<div class=\"bg-after\"><\/div>\r\n\t\t\t<div class=\"icon-main\">\r\n\t\t        \t\t\t    \r\n\t\t\t    <img decoding=\"async\" src=\"https:\/\/mettry.io\/wp-content\/uploads\/2025\/08\/iconly-bold-activity@3x.png\" title=\"iconly-bold-activity@3x\" alt=\"iconly-bold-activity@3x\" \/>\t\t        \t        <\/div>\r\n\t        <div class=\"content-box\">\r\n\t            <h5 class=\"box-title\">Suivi \u00e9nerg\u00e9tique<\/h5>\r\n\t            <p>Aucun suivi \u00e9nerg\u00e9tique, outil actuel trop cher, interface trop charg\u00e9e et difficile \u00e0 exploiter, fiabilit\u00e9 des donn\u00e9es<\/p>\r\n\t        <\/div>\r\n\t        \t\r\n\t    <\/div>\r\n\t    \t\t<\/div>\n\t\t\t\t<\/div>\n\t\t\t\t<div class=\"elementor-element elementor-element-98bc324 elementor-widget elementor-widget-iiconbox\" data-id=\"98bc324\" data-element_type=\"widget\" data-widget_type=\"iiconbox.default\">\n\t\t\t\t<div class=\"elementor-widget-container\">\n\t\t\t\t\t<div class=\"icon-box s3 box-hover-gradient\">\r\n\t\t\t<div class=\"bg-s3\"><\/div>\r\n\t\t\t<div class=\"bg-before\"><\/div>\r\n\t\t\t<div class=\"bg-after\"><\/div>\r\n\t\t\t<div class=\"icon-main\">\r\n\t\t        \t\t\t    \r\n\t\t\t    <img decoding=\"async\" src=\"https:\/\/mettry.io\/wp-content\/uploads\/2025\/08\/iconly-bold-flamme@3x.png\" title=\"iconly-bold-flamme@3x\" alt=\"iconly-bold-flamme@3x\" \/>\t\t        \t        <\/div>\r\n\t        <div class=\"content-box\">\r\n\t            <h5 class=\"box-title\">Centralisation<\/h5>\r\n\t            <p>Un outil par fonctionnalit\u00e9, co\u00fbt prohibitif pour interfacer les solutions existantes, impossible de croiser les donn\u00e9es<\/p>\r\n\t        <\/div>\r\n\t        \t\r\n\t    <\/div>\r\n\t    \t\t<\/div>\n\t\t\t\t<\/div>\n\t\t\t\t\t<\/div>\n\t\t<\/div>\n\t\t\t\t<div class=\"elementor-column elementor-col-33 elementor-inner-column elementor-element elementor-element-6a75b13 elementor-hidden-tablet ot-flex-column-vertical\" data-id=\"6a75b13\" data-element_type=\"column\">\n\t\t\t<div class=\"elementor-widget-wrap elementor-element-populated\">\n\t\t\t\t\t\t\t\t<div class=\"elementor-element elementor-element-8c2972f elementor-widget elementor-widget-iiconbox\" data-id=\"8c2972f\" data-element_type=\"widget\" data-widget_type=\"iiconbox.default\">\n\t\t\t\t<div class=\"elementor-widget-container\">\n\t\t\t\t\t<div class=\"icon-box s3 box-hover-gradient\">\r\n\t\t\t<div class=\"bg-s3\"><\/div>\r\n\t\t\t<div class=\"bg-before\"><\/div>\r\n\t\t\t<div class=\"bg-after\"><\/div>\r\n\t\t\t<div class=\"icon-main\">\r\n\t\t        \t\t\t    \r\n\t\t\t    <img decoding=\"async\" src=\"https:\/\/mettry.io\/wp-content\/uploads\/2025\/08\/iconly-bold-notification@3x.png\" title=\"iconly-bold-notification@3x\" alt=\"iconly-bold-notification@3x\" \/>\t\t        \t        <\/div>\r\n\t        <div class=\"content-box\">\r\n\t            <h5 class=\"box-title\">Ticketing<\/h5>\r\n\t            <p>Aucune structure pour le suivi des demandes d'intervention, solution trop lourde ou trop complexe, pas d'interface mobile<\/p>\r\n\t        <\/div>\r\n\t        \t\r\n\t    <\/div>\r\n\t    \t\t<\/div>\n\t\t\t\t<\/div>\n\t\t\t\t<div class=\"elementor-element elementor-element-f3b2d22 elementor-widget elementor-widget-iiconbox\" data-id=\"f3b2d22\" data-element_type=\"widget\" data-widget_type=\"iiconbox.default\">\n\t\t\t\t<div class=\"elementor-widget-container\">\n\t\t\t\t\t<div class=\"icon-box s3 box-hover-gradient\">\r\n\t\t\t<div class=\"bg-s3\"><\/div>\r\n\t\t\t<div class=\"bg-before\"><\/div>\r\n\t\t\t<div class=\"bg-after\"><\/div>\r\n\t\t\t<div class=\"icon-main\">\r\n\t\t        \t\t\t    \r\n\t\t\t    <img decoding=\"async\" src=\"https:\/\/mettry.io\/wp-content\/uploads\/2025\/08\/iconly-bold-3-user@3x.png\" title=\"iconly-bold-3-user@3x\" alt=\"iconly-bold-3-user@3x\" \/>\t\t        \t        <\/div>\r\n\t        <div class=\"content-box\">\r\n\t            <h5 class=\"box-title\">Int\u00e9gration complexe<\/h5>\r\n\t            <p>Pas de phase de test avant engagement, int\u00e9gration co\u00fbteuse, impossible d'int\u00e9grer l'historique dans le nouvel outil<\/p>\r\n\t        <\/div>\r\n\t        \t\r\n\t    <\/div>\r\n\t    \t\t<\/div>\n\t\t\t\t<\/div>\n\t\t\t\t\t<\/div>\n\t\t<\/div>\n\t\t\t\t\t\t\t<\/div>\n\t\t<\/section>\n\t\t\t\t\t<\/div>\n\t\t<\/div>\n\t\t\t\t\t\t\t<\/div>\n\t\t<\/section>\n\t\t\t\t<section class=\"elementor-section elementor-top-section elementor-element elementor-element-a99ad99 elementor-section-boxed elementor-section-height-default elementor-section-height-default\" data-id=\"a99ad99\" data-element_type=\"section\">\n\t\t\t\t\t\t<div class=\"elementor-container elementor-column-gap-default\">\n\t\t\t\t\t<div class=\"elementor-column elementor-col-100 elementor-top-column elementor-element elementor-element-769d651 ot-flex-column-vertical\" data-id=\"769d651\" data-element_type=\"column\">\n\t\t\t<div class=\"elementor-widget-wrap elementor-element-populated\">\n\t\t\t\t\t\t\t\t<div class=\"elementor-element elementor-element-649ab1d elementor-widget elementor-widget-iheading\" data-id=\"649ab1d\" data-element_type=\"widget\" data-widget_type=\"iheading.default\">\n\t\t\t\t<div class=\"elementor-widget-container\">\n\t\t\t\t\t<div class=\"ot-heading center-align\">\r\n\t\t\t\r\n\t\t\t\t\r\n\r\n\t         \r\n\r\n\t        \t        \t<h2 class=\"main-heading\">Mettry est la r\u00e9ponse \u00e0 ces enjeux<br><br>\nId\u00e9al pour tout type d'organisations<\/h2>\r\n\t        \t    <\/div>\r\n\t    \t\t<\/div>\n\t\t\t\t<\/div>\n\t\t\t\t<section class=\"elementor-section elementor-inner-section elementor-element elementor-element-421cd8a elementor-section-full_width elementor-section-height-default elementor-section-height-default\" data-id=\"421cd8a\" data-element_type=\"section\">\n\t\t\t\t\t\t<div class=\"elementor-container elementor-column-gap-extended\">\n\t\t\t\t\t<div class=\"elementor-column elementor-col-25 elementor-inner-column elementor-element elementor-element-6cf90c9 ot-flex-column-vertical\" data-id=\"6cf90c9\" data-element_type=\"column\">\n\t\t\t<div class=\"elementor-widget-wrap elementor-element-populated\">\n\t\t\t\t\t\t\t\t<div class=\"elementor-element elementor-element-0c2cc64 elementor-widget elementor-widget-iiconbox\" data-id=\"0c2cc64\" data-element_type=\"widget\" data-widget_type=\"iiconbox.default\">\n\t\t\t\t<div class=\"elementor-widget-container\">\n\t\t\t\t\t<div class=\"icon-box s3 box-hover-gradient\">\r\n\t\t\t<div class=\"bg-s3\"><\/div>\r\n\t\t\t<div class=\"bg-before\"><\/div>\r\n\t\t\t<div class=\"bg-after\"><\/div>\r\n\t\t\t<div class=\"icon-main\">\r\n\t\t        \t\t\t    \r\n\t\t\t    <img decoding=\"async\" src=\"https:\/\/mettry.io\/wp-content\/uploads\/2025\/08\/iconly-bold-euro@3x.png\" title=\"iconly-bold-euro@3x\" alt=\"iconly-bold-euro@3x\" \/>\t\t        \t        <\/div>\r\n\t        <div class=\"content-box\">\r\n\t            <h5 class=\"box-title\"><a href=\"https:\/\/mettry.io\/?page_id=109\">Priv\u00e9<\/a><\/h5>\r\n\t            <p>Entreprises, soci\u00e9t\u00e9s de gestion, syndics<\/p>\r\n\t        <\/div>\r\n\t                \t<div class=\"action-box\">\r\n        \t\t<a href=\"https:\/\/mettry.io\/?page_id=109\" class=\"octf-btn octf-btn-icon octf-btn-primary\">J'en connais<i class=\"flaticon-right-arrow-1\"><\/i><\/a>\r\n        \t<\/div>\r\n\t        \t\r\n\t    <\/div>\r\n\t    \t\t<\/div>\n\t\t\t\t<\/div>\n\t\t\t\t\t<\/div>\n\t\t<\/div>\n\t\t\t\t<div class=\"elementor-column elementor-col-25 elementor-inner-column elementor-element elementor-element-9f79fff ot-flex-column-vertical\" data-id=\"9f79fff\" data-element_type=\"column\">\n\t\t\t<div class=\"elementor-widget-wrap elementor-element-populated\">\n\t\t\t\t\t\t\t\t<div class=\"elementor-element elementor-element-ad59827 elementor-widget elementor-widget-iiconbox\" data-id=\"ad59827\" data-element_type=\"widget\" data-widget_type=\"iiconbox.default\">\n\t\t\t\t<div class=\"elementor-widget-container\">\n\t\t\t\t\t<div class=\"icon-box s3 box-hover-gradient\">\r\n\t\t\t<div class=\"bg-s3\"><\/div>\r\n\t\t\t<div class=\"bg-before\"><\/div>\r\n\t\t\t<div class=\"bg-after\"><\/div>\r\n\t\t\t<div class=\"icon-main\">\r\n\t\t        \t\t\t    \r\n\t\t\t    <img decoding=\"async\" src=\"https:\/\/mettry.io\/wp-content\/uploads\/2025\/08\/iconly-bold-france@3x.png\" title=\"iconly-bold-france@3x\" alt=\"iconly-bold-france@3x\" \/>\t\t        \t        <\/div>\r\n\t        <div class=\"content-box\">\r\n\t            <h5 class=\"box-title\"><a href=\"https:\/\/mettry.io\/?page_id=109\">Public<\/a><\/h5>\r\n\t            <p>Villes, communaut\u00e9s d'agglom\u00e9ration<\/p>\r\n\t        <\/div>\r\n\t                \t<div class=\"action-box\">\r\n        \t\t<a href=\"https:\/\/mettry.io\/?page_id=109\" class=\"octf-btn octf-btn-icon octf-btn-primary\">J'en connais<i class=\"flaticon-right-arrow-1\"><\/i><\/a>\r\n        \t<\/div>\r\n\t        \t\r\n\t    <\/div>\r\n\t    \t\t<\/div>\n\t\t\t\t<\/div>\n\t\t\t\t\t<\/div>\n\t\t<\/div>\n\t\t\t\t<div class=\"elementor-column elementor-col-25 elementor-inner-column elementor-element elementor-element-cb72cdf ot-flex-column-vertical\" data-id=\"cb72cdf\" data-element_type=\"column\">\n\t\t\t<div class=\"elementor-widget-wrap elementor-element-populated\">\n\t\t\t\t\t\t\t\t<div class=\"elementor-element elementor-element-56be946 elementor-widget elementor-widget-iiconbox\" data-id=\"56be946\" data-element_type=\"widget\" data-widget_type=\"iiconbox.default\">\n\t\t\t\t<div class=\"elementor-widget-container\">\n\t\t\t\t\t<div class=\"icon-box s3 box-hover-gradient\">\r\n\t\t\t<div class=\"bg-s3\"><\/div>\r\n\t\t\t<div class=\"bg-before\"><\/div>\r\n\t\t\t<div class=\"bg-after\"><\/div>\r\n\t\t\t<div class=\"icon-main\">\r\n\t\t        \t\t\t    \r\n\t\t\t    <img decoding=\"async\" src=\"https:\/\/mettry.io\/wp-content\/uploads\/2025\/08\/iconly-bold-star@3x.png\" title=\"iconly-bold-star@3x\" alt=\"iconly-bold-star@3x\" \/>\t\t        \t        <\/div>\r\n\t        <div class=\"content-box\">\r\n\t            <h5 class=\"box-title\"><a href=\"https:\/\/mettry.io\/?page_id=109\">Associatif<\/a><\/h5>\r\n\t            <p>Associations et fondations<\/p>\r\n\t        <\/div>\r\n\t                \t<div class=\"action-box\">\r\n        \t\t<a href=\"https:\/\/mettry.io\/?page_id=109\" class=\"octf-btn octf-btn-icon octf-btn-primary\">J'en connais<i class=\"flaticon-right-arrow-1\"><\/i><\/a>\r\n        \t<\/div>\r\n\t        \t\r\n\t    <\/div>\r\n\t    \t\t<\/div>\n\t\t\t\t<\/div>\n\t\t\t\t\t<\/div>\n\t\t<\/div>\n\t\t\t\t<div class=\"elementor-column elementor-col-25 elementor-inner-column elementor-element elementor-element-afa39c6 ot-flex-column-vertical\" data-id=\"afa39c6\" data-element_type=\"column\">\n\t\t\t<div class=\"elementor-widget-wrap elementor-element-populated\">\n\t\t\t\t\t\t\t\t<div class=\"elementor-element elementor-element-9dcd8cc elementor-widget elementor-widget-iiconbox\" data-id=\"9dcd8cc\" data-element_type=\"widget\" data-widget_type=\"iiconbox.default\">\n\t\t\t\t<div class=\"elementor-widget-container\">\n\t\t\t\t\t<div class=\"icon-box s3 box-hover-gradient\">\r\n\t\t\t<div class=\"bg-s3\"><\/div>\r\n\t\t\t<div class=\"bg-before\"><\/div>\r\n\t\t\t<div class=\"bg-after\"><\/div>\r\n\t\t\t<div class=\"icon-main\">\r\n\t\t        \t\t\t    \r\n\t\t\t    <img decoding=\"async\" src=\"https:\/\/mettry.io\/wp-content\/uploads\/2025\/08\/iconly-bold-heart@3x.png\" title=\"iconly-bold-heart@3x\" alt=\"iconly-bold-heart@3x\" \/>\t\t        \t        <\/div>\r\n\t        <div class=\"content-box\">\r\n\t            <h5 class=\"box-title\"><a href=\"https:\/\/mettry.io\/?page_id=109\">Sant\u00e9<\/a><\/h5>\r\n\t            <p>H\u00f4pitaux, cliniques, maisons de sant\u00e9<\/p>\r\n\t        <\/div>\r\n\t                \t<div class=\"action-box\">\r\n        \t\t<a href=\"https:\/\/mettry.io\/?page_id=109\" class=\"octf-btn octf-btn-icon octf-btn-primary\">J'en connais<i class=\"flaticon-right-arrow-1\"><\/i><\/a>\r\n        \t<\/div>\r\n\t        \t\r\n\t    <\/div>\r\n\t    \t\t<\/div>\n\t\t\t\t<\/div>\n\t\t\t\t\t<\/div>\n\t\t<\/div>\n\t\t\t\t\t\t\t<\/div>\n\t\t<\/section>\n\t\t\t\t\t<\/div>\n\t\t<\/div>\n\t\t\t\t\t\t\t<\/div>\n\t\t<\/section>\n\t\t\t\t<section class=\"elementor-section elementor-top-section elementor-element elementor-element-09f2e22 elementor-section-boxed elementor-section-height-default elementor-section-height-default\" data-id=\"09f2e22\" data-element_type=\"section\">\n\t\t\t\t\t\t<div class=\"elementor-container elementor-column-gap-default\">\n\t\t\t\t\t<div class=\"elementor-column elementor-col-100 elementor-top-column elementor-element elementor-element-82f46ae ot-flex-column-vertical\" data-id=\"82f46ae\" data-element_type=\"column\">\n\t\t\t<div class=\"elementor-widget-wrap elementor-element-populated\">\n\t\t\t\t\t\t\t\t<div class=\"elementor-element elementor-element-9265b6a elementor-widget elementor-widget-heading\" data-id=\"9265b6a\" data-element_type=\"widget\" data-widget_type=\"heading.default\">\n\t\t\t\t<div class=\"elementor-widget-container\">\n\t\t\t<h2 class=\"elementor-heading-title elementor-size-default\">Rejoignez notre r\u00e9seau de prescripteurs<\/h2>\t\t<\/div>\n\t\t\t\t<\/div>\n\t\t\t\t<div class=\"elementor-element elementor-element-e513a9e elementor-widget elementor-widget-heading\" data-id=\"e513a9e\" data-element_type=\"widget\" data-widget_type=\"heading.default\">\n\t\t\t\t<div class=\"elementor-widget-container\">\n\t\t\t<p class=\"elementor-heading-title elementor-size-default\">Et entrez dans un partenariat gagnant pour toutes les parties<\/p>\t\t<\/div>\n\t\t\t\t<\/div>\n\t\t\t\t<div class=\"elementor-element elementor-element-1718f0c elementor-align-center elementor-widget elementor-widget-ibutton\" data-id=\"1718f0c\" data-element_type=\"widget\" data-widget_type=\"ibutton.default\">\n\t\t\t\t<div class=\"elementor-widget-container\">\n\t\t\t\t\t<div class=\"ot-button\">\r\n\t\t\t<a href=\"https:\/\/calendly.com\/demo-mettry\/reservation\" class=\"octf-btn octf-btn-primary octf-btn-icon\"><span>En savoir plus<i class=\"flaticon-right-arrow-1\"><\/i><\/span> \r\n\t\t\t\t\t\t\t<\/a>\r\n\t    <\/div>\r\n\t    \t\t<\/div>\n\t\t\t\t<\/div>\n\t\t\t\t\t<\/div>\n\t\t<\/div>\n\t\t\t\t\t\t\t<\/div>\n\t\t<\/section>\n\t\t\t\t\t\t<\/div>\n\t\t\t\t\t<\/div>\n\t\t","protected":false},"excerpt":{"rendered":"<p>Une chose est s\u00fbre Vous connaissez quelqu&rsquo;un qui a besoin de Mettry D\u00e9couvrez comment vous pouvez devenir prescripteur de notre solution En savoir plus Trop de directions immobili\u00e8res souffrent de ces difficult\u00e9s GMAO Absence de GMAO, suivi sur un tableau Excel, GMAO pas utilis\u00e9e par les op\u00e9rationnels, pas de tableau de bord Gestion des contrats [&hellip;]<\/p>\n","protected":false},"author":2,"featured_media":0,"parent":0,"menu_order":0,"comment_status":"closed","ping_status":"closed","template":"","meta":{"footnotes":""},"class_list":["post-5119","page","type-page","status-publish","hentry"],"jetpack_sharing_enabled":true,"_links":{"self":[{"href":"https:\/\/mettry.io\/index.php?rest_route=\/wp\/v2\/pages\/5119","targetHints":{"allow":["GET"]}}],"collection":[{"href":"https:\/\/mettry.io\/index.php?rest_route=\/wp\/v2\/pages"}],"about":[{"href":"https:\/\/mettry.io\/index.php?rest_route=\/wp\/v2\/types\/page"}],"author":[{"embeddable":true,"href":"https:\/\/mettry.io\/index.php?rest_route=\/wp\/v2\/users\/2"}],"replies":[{"embeddable":true,"href":"https:\/\/mettry.io\/index.php?rest_route=%2Fwp%2Fv2%2Fcomments&post=5119"}],"version-history":[{"count":39,"href":"https:\/\/mettry.io\/index.php?rest_route=\/wp\/v2\/pages\/5119\/revisions"}],"predecessor-version":[{"id":5577,"href":"https:\/\/mettry.io\/index.php?rest_route=\/wp\/v2\/pages\/5119\/revisions\/5577"}],"wp:attachment":[{"href":"https:\/\/mettry.io\/index.php?rest_route=%2Fwp%2Fv2%2Fmedia&parent=5119"}],"curies":[{"name":"wp","href":"https:\/\/api.w.org\/{rel}","templated":true}]}}